 -r**3 + 4*r**2 + 2*r - 3. Calculate n(f).
9
Let a be ((-30)/35)/((-1)/(-7)). Suppose -36 = -5*o - 13*o. Let f(u) = -14*u**3 + 41*u**3 + 7*u**o + 6*u - 26*u**3 + 7. Determine f(a).
7
Suppose -2*x + 9 = r, -9 = 4*r - 6*r + 5*x. Let m(l) = 12*l - 7. Let v(b) = 7*b - 4. Let d(f) = r*v(f) - 4*m(f). Calculate d(-1).
-1
Let t(u) = u**3 - 12*u**2 - u - 4. Suppose 229*l = 227*l + 66. Let i(p) = -p**3 + 34*p**2 - 31*p - 54. Let s be i(l). What is t(s)?
-16
Let n(y) = y**3 + 75*y**2 + 1164*y - 104. Let v be n(-53). Let l(f) = 1. Let s(x) = -7*x - 3. Let k(w) = 4*l(w) + s(w). Give k(v).
-13
Let j(u) be the first derivative of -8*u**2 - 37*u - 5709. What is j(-2)?
-5
Let b(f) = f**3 - 6*f**2 - f + 36. Let s(t) = 6. Let y(w) = -b(w) + 6*s(w). Let u(h) = 5*h**3 + 2*h**2 - 2*h + 1. Let a be u(1). Calculate y(a).
6
Let j(n) = -n**3 - 6*n**2 - 7*n - 4. Let v(i) = -3*i + 23. Let c be v(-5). Let l = c + -43. Let p be j(l). Let f(q) = q**2 - 7*q + 4. Give f(p).
-2
Let s(m) = -24 - 7*m - 3*m + 2*m + 4*m + 0*m. Give s(-9).
12
Let s(f) be the second derivative of f**3/6 + f**2 - f. Suppose 33 = 14*h - 3*h. Suppose 5*i + 17 + h = 0. Determine s(i).
-2
Let l(i) = -4*i**2 + 6*i - 17. Let h(g) = 5*g**2 - 7*g + 18. Let j(r) = 5*h(r) + 6*l(r). Let z be j(-5). Let t(n) = -n**2 + 9*n - 15. Calculate t(z).
-7
Let k(d) be the second derivative of 1/2*d**4 - 7/2*d**2 + 1/20*d**5 + 0 - 7/6*d**3 + d. Let x(v) = 3*v**2 - 222*v + 212. Let t be x(73). Calculate k(t).
-7
Let v = 520 - 886. Let o = v + 373. Let x(b) = b - 4. Determine x(o).
3
Let w(z) = 7*z**3 + 47*z**2 + 6*z + 97. Let f(j) = 3*j**3 + 19*j**2 + 2*j + 39. Let a(r) = -12*f(r) + 5*w(r). Determine a(8).
1
Let u(f) = 3*f**3 + 28*f**2 + 314*f - 73. Let t(s) = s**3 + 5*s**2 + 104*s - 24. Let v(y) = -7*t(y) + 2*u(y). What is v(14)?
-6
Let o(v) be the second derivative of -v**5/20 - 13*v**4/12 + 17*v**3/6 + 12*v**2 + 44*v + 10. What is o(-14)?
-18
Let o = 23 - 26. Let s(f) = 5*f + 13 - 4*f - 8*f. Let t(y) = 3*y - 6. Let b(l) = 2*s(l) + 5*t(l). Determine b(o).
-7
Suppose 0 = -5*o + 4*o, -2*g + 4*o + 16 = 0. Let u(z) be the third derivative of 0 - 2/15*z**5 - 1/12*z**4 - 5*z - z**2 + z**3 + 1/120*z**6. Give u(g).
-10
Let w(y) = -10*y**2 + 70*y + 20. Let g(j) = 9*j**2 - 61*j - 20. Let s(c) = -9*g(c) - 8*w(c). Give s(2).
-6
Let z(y) = -6*y**3 + 124 - y**2 + 2*y**2 + y - 126 + 8*y**3 - 6*y**3. Give z(2).
-28
Let g(r) = 79*r + 73. Let a be g(-1). Let d(t) = t**3 + 4*t**2 - 11*t - 5. What is d(a)?
-11
Let g = -14745 - -14739. Let r(t) = -2*t + 5. Determine r(g).
17
Let a(y) = y - 3. Let d(t) = 43*t + 263. Let q be d(-6). Suppose 4*f - 24 = -k, -4*f - q*k - 6 = -5*f. Give a(f).
3
Suppose -417 = 23*y - 4948. Let l = y - 194. Let i(f) = 3*f**2 - 3*f + 1. Give i(l).
19
Suppose 15 = 3*b + 9. Suppose -b*s = 5*a - 9, -3*s = 5*a + 1 - 12. Let c(z) = -11*z + 6. Let l(f) = -21*f + 14. Let p(m) = 7*c(m) - 3*l(m). Give p(a).
-14
Suppose -7 = -3507*r + 3506*r. Let l(t) = -t**3 + 7*t**2 - 7*t - 15. Calculate l(r).
-64
Let z(d) = d**2 - 218*d - 653. Let f be z(-3). Let c(j) = -39*j + 399. What is c(f)?
9
Let q(x) be the first derivative of x**3/3 + 11*x**2/2 - 8*x - 633. Suppose 5*o = -38 - 22. Let d = o - 0. Determine q(d).
4
Let b(p) = 0*p**2 + 0*p**2 - 7 - p**2 - 7*p. Let a(i) = 3*i**3 - 475*i**2 + 1557*i - 1092. Let o be a(155). What is b(o)?
-7
Let x(o) = -5*o + 4. Suppose 0 = 2*d + 11*d + 96*d. Calculate x(d).
4
Let m = -248 + 256. Suppose m = -4*r, -4*r - 28 + 10 = -2*g. Let f(s) = 2 + s**2 + 6*s - 3*s**2 + s**2. Calculate f(g).
7
Let o = 12 - 15. Let w(y) be the first derivative of y**3/6 + y**2 + 3*y - 12. Let h(m) be the first derivative of w(m). Calculate h(o).
-1
Let n(z) = 0 - 167*z**2 + 327*z**2 - 7 - 159*z**2 + 17*z - 8*z. Let y(o) be the first derivative of -o - 4. Let k(m) = n(m) - 5*y(m). Give k(-9).
-2
Let z = 65 - 64. Let l(n) = n**2 - 5*n. Let x(j) = -j**2 - j + 1. Let i(g) = 3*g + 20. Let a be i(-7). Let b(u) = a*l(u) + z*x(u). Determine b(3).
-5
Let w(u) = 7*u - 1. Suppose 0 = 4*b + b - 10. Suppose 0 = b*i + 2*i - 4. Determine w(i).
6
Let t = -110 + 113. Let s(c) = 3*c**2 - 4*c**2 - 6*c + 2 + 5*c**2 - 9*c**2 - 8 + c**t. What is s(6)?
-6
Let m = 8 - 5. Suppose -20 = m*t - 5*t. Suppose -3*d + z - 9 = 2, 2*z = t. Let f(a) = -a**2 + 3*a + 1. What is f(d)?
-9
Let x(y) = 294*y + 7. Let g be x(-1). Let j = -292 - g. Let h(r) = 5*r - 4. Determine h(j).
-29
Let p(z) = 5*z**2 + 16*z - 17. Let i be p(-4). Let r(a) = -22*a - 26. Let l be r(i). Let f(b) = b**3 + 5*b**2 + 6*b + 5. Give f(l).
-3
Suppose 12*d - 9 - 3 = 0. Let y(z) = -8*z + 7 - 15 + 10. What is y(d)?
-6
Let a(n) = 13*n + 66. Let w(u) = 8*u + 40. Let l(g) = 5*a(g) - 8*w(g). Suppose 0 = f + 2*b - 0 + 10, -20 = -f + 4*b. Calculate l(f).
10
Let s(p) = -p**3 - p**2 + p - 2. Let b(g) = -g**3 + 6*g**2 - 3*g - 10. Suppose 4*a + 272 - 292 = 0. Let t be b(a). Determine s(t).
-2
Let x(b) = -2*b - 90. Let y = -11107 + 11069. Determine x(y).
-14
Suppose 122 = 3*k - 70. Suppose -2*y + 4*j + 106 = 0, -2*y + 143 = -j + 25. Let c = y - k. Let i(n) = -n**2 - 5*n - 3. Determine i(c).
3
Let f(u) = -8*u**3 - 28*u**2 + 59*u + 9. Let c(y) = 3*y**3 + 14*y**2 - 26*y - 4. Let a(q) = 5*c(q) + 2*f(q). What is a(13)?
11
Let s(x) = 21*x - 190. Let l be s(9). Let a(j) = 12*j - 1. Calculate a(l).
-13
Let x(z) = z**2 - 46*z + 40. Let v be x(45). Let h(l) = -l**3 - 6*l**2 - 11*l - 5. Calculate h(v).
25
Let y = 56 - 55. Let i(h) = y + 0*h**2 - 2*h + h - h - 4*h**2. Let m = 54 - 56. Calculate i(m).
-11
Let q(t) = -13*t. Let g = -167 - -157. Let p(k) = k**2 + 6*k - 41. Let h be p(g). Determine q(h).
13
Let i(s) = -s**3 - 36*s**2 - 239*s + 107. Let h be i(-27). Let w = -7 + 4. Let k be 1/h + w + 7. Let b(g) = g**2. Determine b(k).
9
Let k = 70 - 79. Let i(w) = w**3 + 11*w**2 + 19*w - 8. Give i(k).
-17
Suppose -238*r + 2233 = 12467. Let o(t) = -t - 45. What is o(r)?
-2
Let o(r) = 2*r**2 + 4*r + 12. Let m = -39385 - -39379. What is o(m)?
60
Let s(z) = -z**2 + 6*z + 2. Suppose -2*b + 4*j + 86 = 0, 4*j = 6*b - 5*b - 47. Let f be (13/b)/((-4)/(-36)). Give s(f).
11
Let q(i) = -3*i**3 + 2*i**3 + 2*i**2 - 5*i**2 + 3*i. Let d be ((-4)/14)/(26/(-187096)). Suppose 10*n + d = 2016. Determine q(n).
4
Let c(s) = 120*s**2 - 121*s**2 + 2 + 5 + 4*s + 4*s + 4. Calculate c(0).
11
Let p(u) = -u**3 - 8*u**2 + u - 3. Let q(d) = -23*d + 26*d - 6 + 145*d**3 - 148*d**3 - 2 - 23*d**2. Let y(j) = 11*p(j) - 4*q(j). Give y(-4).
3
Let v(p) be the second derivative of -p**3/3 - 2*p**2 + 3*p. Suppose 45 = -43*c + 52*c. Suppose -c*h + 24 = -13*h. What is v(h)?
2
Let o(f) = 13*f + 140. Let u(g) = -g**2 - 39*g + 366. Let v be u(8). Give o(v).
10
Let s(r) = 3*r**2 - 9*r + 6. Suppose 0 = -m - 2, 0 = c - 3*m + 2*m. Let x(w) = w**2 - 4*w + 3. Let y(v) = c*s(v) + 5*x(v). Determine y(2).
-5
Let t(m) = 107*m - 1601. Let r be t(15). Let f(a) be the third derivative of 1/8*a**r + 0 - 1/2*a**3 - 34*a**2 + 0*a. Calculate f(4).
9
Let y(d) = 3*d**2 - 30*d + 15. Let u be y(9). Let i(a) = -a - 40. Calculate i(u).
-28
Let b(m) = -6*m**2 - 3*m**3 + 3*m - 1 + 3 + 4*m**3 - 5*m. Let r(v) = 12*v + 906. Let y be r(-75). Give b(y).
-10
Let v(a) be the first derivative of 1/4*a**4 + 0*a**3 - 227 + 1/2*a**2 - 9*a. Give v(0).
-9
Let m(v) be the third derivative of -v**5/60 + v**4/3 - 5*v**3/6 - 33*v**2. Let u(j) = j**2 - 24*j + 141. Let h be u(9). Give m(h).
7
Let t(o) = o**3 - 7*o**2 + 9*o + 3. Suppose 33 - 97 - 92 = -39*w. Calculate t(w).
-9
Let h(l) = l**3 + 5*l**2 + 3*l**2 - 6 + 44 + 3*l - 10 + 9*l**2. What is h(-17)?
-23
Let j(a) be the third derivative of -a**4/24 - a**3/3 - 4*a**2 + 346*a. Let i be 4/12 - (-22)/(-3). Calculate j(i).
5
Let k(v) = v**3 - 9*v**2 + 2*v - 7. Let u be k(9). Let p(x) = -125*x - 24. Let w(l) = -354*l - 70. Let i(c) = -17*p(c) + 6*w(c). Determine i(u).
-1
Let q(v) = -31 + 19 + 13 + 23*v. Suppose -3*a = 3 - 6. Determine q(a).
24
Let v(p) = 2*p + 5. Let q(t) = -6*t - 13. Let f(d) = 2*q(d) + 5*v(d). Let x(r) = -r**3 + 14*r**2 + 15*r + 1. Let b be x(15). What is f(b)?
-3
Let t(d) be the first derivative of -2*d**2 - d + 1814. Calculate t(-7).
27
Let u(b) = 2*b + 2*b**2 + 2*b**2 + 4 - 2*b**2 + b**3. Let m be (-215)/5*(-7)/(14/32). Let y = m - 691. What is u(y)?
-11
Let t(k) = -k**3 + 4*k**2 + 4*k + 7. Let v(a) = 15*a + 49. Let r be v(-6). L